nder when ((-16)/q)/(8/(-48)) is divided by 7.
4
Suppose -2*j + 234 = 7*j. Calculate the remainder when 50 is divided by j.
24
Let a(h) = -9*h - 2. Suppose 2*p - 4*i - 4 = 0, 4*p + p = 4*i + 4. Suppose p = -k - 4 + 2. What is the remainder when 30 is divided by a(k)?
14
Suppose -o - b - 3*b - 36 = 0, -15 = 5*b. Let c = o - -11. Let v = c + 21. Calculate the remainder when 22 is divided by v.
6
Let f(s) = 2*s**2 + 6*s + 2. Let p be f(-4). Let b = p - 8. What is the remainder when b is divided by (1 - 2)/(0 - 1)?
0
Calculate the remainder when 35 is divided by 9/(-12) - (-79)/4.
16
Let o = 1 - 1. Suppose 4*x - 6*x + 272 = o. What is the remainder when 4/6 - x/(-12) is divided by 7?
5
Suppose -92 - 40 = -4*h. Calculate the remainder when h is divided by 9.
6
What is the remainder when 36 is divided by 1 + (-6 - -4) + 14?
10
Let c(l) = l**2 - l + 9. Calculate the remainder when 23 is divided by c(0).
5
Let w = 6 - 2. Calculate the remainder when 49 is divided by 2/4 + 66/w.
15
Let k(p) = -p - 2 + 0*p + 0. What is the remainder when k(-5) is divided by 8/32 - 14/(-8)?
1
Let b be (-21)/(6/2) - -2. Let j = b - -13. Let i = j - -1. Calculate the remainder when 26 is divided by i.
8
Let u(x) = -3*x - 3. Suppose -4*q - 20 = 2*v, 5*v + q = -0*v - 5. Suppose v = -2*k + k + 16. What is the remainder when k is divided by u(-4)?
7
Suppose 0 = 5*f + s - 143, 5*f - 134 = 4*s - 2*s. Calculate the remainder when 53 is divided by f.
25
Calculate the remainder when (-31)/(-1) - (0 - 2) - 0 is divided by 17.
16
Let t(k) = k**2 - 2*k + 20. What is the remainder when 77 is divided by t(0)?
17
Suppose 3*s = 5*v - 67, -3*v - 47 = -8*v - 2*s. What is the remainder when v is divided by 6?
5
Let m(u) = u**3 - 3*u**2 - 5*u. Calculate the remainder when m(5) is divided by 14.
11
Suppose 4*u + 1 = 5. Let z(p) = 3*p - 1. Calculate the remainder when 3 is divided by z(u).
1
Let t be (-116)/(-6)*(4 + -1). Let o = 193 - 97. Let j = o - t. What is the remainder when j is divided by 20?
18
Let f = -7 + -2. Let u(g) = -5 + 2*g**3 - 3*g**3 + 8*g + 0*g - 8*g**2. What is the remainder when 13 is divided by u(f)?
1
Suppose 3*v = 45 + 105. Let s be 0 - v/(1*-2). Suppose -s = -5*r + 5. What is the remainder when 10 is divided by r?
4
Let i = 10 + -5. Suppose i*q - 34 = 116. What is the remainder when q is divided by 8?
6
Let i(c) = 40*c**3 - 2*c**2 + c. What is the remainder when i(1) is divided by 21?
18
Let t(d) = -d + 9. Let a be t(9). Suppose a*b = -4*b + 52. Let w(q) = -5*q**3 + 3*q**2 + 2*q + 1. Calculate the remainder when w(-2) is divided by b.
10
Let t(q) be the second derivative of q**5/20 - 5*q**4/12 - 3*q**3/2 - 5*q**2/2 + 4*q. What is the remainder when t(7) is divided by 11?
8
Let y = -29 + 48. Suppose 0 = -5*u + 2*z + 18, -3*z + z = 5*u - 22. Suppose v = -2*o - 5 + 21, -u*o - 28 = -4*v. Calculate the remainder when y is divided by v.
9
Suppose 4*v + 454 = 26. Let w = -50 - v. What is the remainder when w is divided by 15?
12
Suppose -56 = -6*u - 2*u. Calculate the remainder when 34 is divided by u.
6
Suppose 2*d - 7*t + 2*t + 106 = 0, 0 = -3*d - 5*t - 109. Let i = 62 + d. Calculate the remainder when 37 is divided by i.
18
Let t(x) = -x**2 - 13*x - 13. Suppose 4*b + 11 = 5*o, -4 + 69 = -5*b - 4*o. Calculate the remainder when 68 is divided by t(b).
22
Suppose 4*x - 119 = -7. Calculate the remainder when x is divided by 10.
8
Let b be 5/5*29*1. Suppose -7 = -4*d + b. Let i = 21 + 4. What is the remainder when i is divided by d?
7
Let o(k) = k**3 + 9*k**2 - 8*k - 16. Calculate the remainder when o(-9) is divided by 12.
8
Suppose 2*i - 7 = -1. Suppose 5*x - 37 = -0*x + 4*d, i = -d. What is the remainder when (x/1)/1 + -1 is divided by 3?
1
Suppose 2*z - 7 = 17. Calculate the remainder when 21 is divided by z.
9
Let n = -4 + 33. Let w(k) = 5*k. Calculate the remainder when n is divided by w(3).
14
Suppose -2*h + 0*h + 10 = 0. Let b(x) = x**3 - 5*x**2 + 4*x - 2. Calculate the remainder when b(5) is divided by h.
3
Suppose 78 - 6 = 3*s. Calculate the remainder when s is divided by 13.
11
Suppose 9*r = 4*r + 145. Suppose r + 19 = 2*o + 4*n, 3*o - 68 = -2*n. Calculate the remainder when 42 is divided by o.
20
Let b = 97 + -32. What is the remainder when b is divided by 17?
14
Let h = -2 + -3. Let q be ((-2)/(-5))/(1/h). What is the remainder when 37 is divided by q*(-3)/(18/57)?
18
Let d be 1 - -2 - 2/2. Suppose 5*u + d*z - 6 = 0, -8 = -4*z + 4. Suppose 0 = -u*p - 3*p + 30. Calculate the remainder when 37 is divided by p.
7
Let y(q) = 3*q**2 - q. Let p(d) = -d**2 + 10*d - 14. Calculate the remainder when y(-1) is divided by p(8).
0
Suppose 7*v = 3*v - 4. Let z be -3 - (v - 0/2). What is the remainder when z*1 - (-29 + 2) is divided by 13?
12
Suppose 0 = -3*c + 2*c + 25. Let f = -83 + 97. What is the remainder when 1*c - (-2 - -1) is divided by f?
12
Suppose 4*b - 152 = -0*b. Let g be -5*2/5*-2. Suppose -7 = g*l - 59. Calculate the remainder when b is divided by l.
12
Let o = -8 + 11. Suppose 4*m - 45 = o*r, 0*m = -5*m - 5*r + 65. What is the remainder when 21 is divided by m?
9
Suppose 3*d - 2*k + 8 = 0, -4*k + 4 + 12 = -d. Suppose d = -2*c + c + 16. What is the remainder when c is divided by 6?
4
Let q be -8 + (-1 + 2)*1. Let x = 5 - q. Let s = -23 - -46. What is the remainder when s is divided by x?
11
Suppose 0 = 5*m - 5*s - 95, -2*s - 86 = 3*m - 8*m. Calculate the remainder when 63 is divided by m.
15
Let m(x) = -27*x**3 + 2*x**2 - 22*x**3 + 16*x**3 - 1. Calculate the remainder when m(-1) is divided by 12.
10
What is the remainder when (95/(-20))/(1/(-8)) is divided by 13?
12
Suppose -4*q = -2*t + 60, 0 = -2*t - 2*t - 3*q + 76. Calculate the remainder when t is divided by 4.
2
Suppose -25*b = -26*b + 30. Calculate the remainder when 238 is divided by b.
28
Suppose 1 = 4*p - 103. Calculate the remainder when 232 is divided by p.
24
Let m(x) = -x - 3. Let o be m(-5). Let v = o - 2. Suppose c + 4*z = 19, v = -2*c + 4*c + 4*z - 34. Calculate the remainder when c is divided by 8.
7
Suppose 4*s = -k + 189 + 132, 4*s - 336 = 4*k. What is the remainder when s is divided by 42?
39
Suppose y - 39 = -5. What is the remainder when 100 is divided by y?
32
Let f = 17 + 2. Suppose -5*v + 485 = 5*x, 3*v - 317 = -4*x - 22. What is the remainder when v is divided by f?
17
Let s(i) = -i**3 + 2*i**2 + 4*i + 1. Let z be s(3). Calculate the remainder when 40 + (-4)/(0 + z) is divided by 10.
9
Let w(h) = 3*h**2 - 4*h + 2. Let s be w(2). Let t be (-3)/9*-3*-1. Let j = t + s. What is the remainder when j is divided by 4?
1
Suppose 13 + 23 = 18*t. Let q = 0 - -2. Calculate the remainder when q is divided by t.
0
Suppose 0 = 3*l + 2*v + 2*v - 44, 2*l - 2*v - 20 = 0. Calculate the remainder when 21 is divided by l.
9
Let n = -5 + 10. Let h be n*((-6)/(-10))/1. Suppose h*p - 20 = 4. Calculate the remainder when p is divided by 3.
2
Suppose 4*s + u = 81, -5*u = -s - 3*s + 99. Let i be -1 - 46*1*-3. Suppose i = 3*o - 49. Calculate the remainder when o is divided by s.
20
Suppose -40 - 6 = -i. Let q = -3 - -108. Calculate the remainder when i is divided by (-1)/(-1) - q/(-7).
14
Let d = 9 - 8. Suppose -d = -w, -3*w + w - 31 = -3*z. What is the remainder when 42 is divided by z?
9
Suppose -3*v = -5*c - 180, 5*v + 181 = -4*c - 0*c. Let i = c - -85. What is the remainder when i is divided by 12?
10
Suppose 0*n - n + 3 = 2*v, -3*v = 2*n - 10. Calculate the remainder when n is divided by 7.
4
Let r(a) = -9*a - 3. Let h = 5 - 10. What is the remainder when r(h) is divided by 11?
9
Let x(c) = -5*c - 7. What is the remainder when 29 is divided by x(-3)?
5
Let u(v) = 3*v**3 + 2*v**2 - 2*v + 3. What is the remainder when 92 is divided by u(2)?
30
Suppose -2*z = 3*z - 45. What is the remainder when 76 is divided by z?
4
Suppose -3*f + 0*f + 87 = 0. Suppose 3*u - 5*w = 9, u - 2*w - 3*w = -7. What is the remainder when f is divided by u?
5
Suppose -m + 3*k = 2, m - 2*k = -k - 2. What is the remainder when 8 is divided by 2*m*(-10)/8?
3
What is the remainder when -2*(-3)/((-18)/(-39)) is divided by 7?
6
Suppose 0*q = 3*q - 9. Suppose 0 = 3*j - 6 - 18. Calculate the remainder when j is divided by q.
2
Let g = -129 - -150. Calculate the remainder when 37 is divided by g.
16
Suppose -8*o + 3*o = -30. What is the remaind